at is -101101001110001100 (base 2) in base 7?
-1401011
1481342 (base 9) to base 15
113475
Convert -1020101112020 (base 3) to base 5.
-132012323
What is -203031444 (base 5) in base 8?
-3125451
Convert 313302005 (base 6) to base 2.
10100111010100000010101
8c9f0 (base 16) to base 5
121412414
-3125212 (base 9) to base 16
-197ca8
Convert 31011210 (base 4) to base 10.
53604
335135052 (base 6) to base 7
103026206
What is 45456666 (base 7) in base 15?
534800
Convert 1110110100001100001 (base 2) to base 15.
98c9d
ebf3c (base 16) to base 12
3a7364
What is 61705323 (base 8) in base 11?
7422107
Convert 101011000001101 (base 2) to base 14.
8057
What is -2723548 (base 9) in base 10?
-1491983
3036652 (base 7) to base 10
362539
Convert 1004004 (base 9) to base 16.
82759
Convert -56077 (base 9) to base 10.
-37249
-1734520 (base 8) to base 12
-204b28
Convert -232112310 (base 4) to base 16.
-2e5b4
What is -4671a6 (base 13) in base 6?
-55501434
120331113112 (base 4) to base 10
6542806
10043c (base 15) to base 11
47a281
13066900 (base 10) to base 8
61661224
-120643 (base 8) to base 4
-22012203
-2eac03 (base 15) to base 7
-25146306
What is 313450423 (base 6) in base 10?
5496495
What is 100021220022120 (base 3) in base 6?
253503153
What is 7335 (base 16) in base 8?
71465
Convert -50125403 (base 8) to base 7.
-155333236
c3511 (base 13) to base 16
557e6
6d05 (base 15) to base 5
1220210
Convert -5487128 (base 11) to base 14.
-13c8d77
75b42 (base 16) to base 7
4045403
What is -12d549 (base 14) in base 3?
-1020002111221
Convert -25652457 (base 9) to base 8.
-60070754
What is -1001001100010110100101 (base 2) in base 10?
-2409893
-1056307 (base 9) to base 14
-10b458
321051 (base 6) to base 15
7b47
What is -baff4 (base 16) in base 14?
-15d1c0
100100110100001110111000 (base 2) to base 13
1ccbb36
What is -300b93 (base 14) in base 10?
-1615757
Convert d21207 (base 14) to base 13.
1607a3c
What is 11010111000100011011 (base 2) in base 11?
55193a
Convert 1543651 (base 7) to base 8.
637247
Convert -b66c10 (base 14) to base 8.
-27411616
-320003003 (base 5) to base 7
-14202121
Convert -901b0 (base 12) to base 15.
-3a5a0
301011 (base 7) to base 6
1031020
What is -1121286 (base 10) in base 3?
-2002222010010
Convert -1032090 (base 14) to base 8.
-35136136
-3644123 (base 7) to base 10
-464831
What is 5e50 (base 15) in base 3?
1000120110
What is 29e2c (base 15) in base 9?
224836
Convert b712c (base 16) to base 6.
24023340
Convert -13712636 (base 8) to base 11.
-183aa75
What is -1024720 (base 8) in base 6?
-5503104
What is -2001061 (base 7) in base 5?
-30020214
What is -1111101111000010001 (base 2) in base 12?
-20a469
What is -12042010 (base 7) in base 10?
-1069138
What is -282595 (base 14) in base 8?
-5232007
Convert 1a76 (base 12) to base 9.
4420
What is -2344030 (base 5) in base 15?
-cde5
Convert cb7e30 (base 16) to base 5.
11403223422
141164 (base 9) to base 14
23585
What is 1191577 (base 11) in base 13?
57472c
301303 (base 8) to base 15
1e50b
What is 1000110111101100011 (base 2) in base 16?
46f63
Convert -82a97c (base 14) to base 4.
-100310112202
What is 271176 (base 14) in base 12?
54ba44
Convert 1187470 (base 10) to base 5.
300444340
1736208 (base 12) to base 14
8cd73a
Convert 1b58040 (base 13) to base 12.
3055835
What is -101111101101110111010100 (base 2) in base 3?
-212112111121112
Convert 1bba23 (base 14) to base 7.
11302543
What is -2043210 (base 6) in base 10?
-99222
Convert 26314365 (base 7) to base 6.
123333120
Convert -432344224 (base 5) to base 4.
-13001112310
Convert -10000111000001000011001 (base 2) to base 12.
-1594389
What is -1235645 (base 9) in base 11?
-41aa27
What is -5607446 (base 8) in base 3?
-2211202222121
What is -d2012 (base 16) in base 9?
-1550843
What is -120622 (base 8) in base 7?
-231406
1355031 (base 6) to base 10
77563
Convert -271124 (base 9) to base 10.
-164857
What is 12172 (base 13) in base 3?
1200120021
-1522620 (base 7) to base 6
-4240320
What is -1001101001000101101001 (base 2) in base 5?
-1121340333
Convert 333010012 (base 4) to base 10.
258310
Convert -3431312 (base 5) to base 10.
-61457
-293b1b (base 13) to base 9
-1805771
Convert a0677c (base 13) to base 5.
1423234043
What is -1211022 (base 9) in base 13?
-19cc8b
Convert -10231452 (base 8) to base 11.
-1256778
Convert 10100001011100110011111 (base 2) to base 6.
305220331
Convert 1101011011111110100111 (base 2) to base 13.
964404
Convert 59967 (base 12) to base 5.
12324412
Convert 2160943 (base 11) to base 10.
3793155
What is 55d912 (base 16) in base 13?
121ca93
-226425 (base 14) to base 8
-4354541
What is 288023 (base 9) in base 16?
2b137
What is -112112 (base 5) in base 10?
-4032
-1a841 (base 13) to base 8
-145340
4312015 (base 6) to base 2
110011101011101011
Convert -2539078 (base 10) to base 8.
-11537106
What is -23561 (base 8) in base 5?
-310342
-2852c (base 15) to base 12
-62a89
What is 413670 (base 8) in base 11?
94047
27e072 (base 16) to base 8
11760162
Convert -10120212221 (base 3) to base 2.
-10001001111100110
What is 251525113 (base 6) in base 12?
1759799
Convert -720875 (base 11) to base 7.
-12561121
What is -12000123 (base 5) in base 3?
-12120002100
Convert 6b5923 (base 12) to base 14.
330bc7
Convert -1025723 (base 9) to base 16.
-85fbc
-4356c5 (base 14) to base 8
-10550215
61fb5 (base 16) to base 5
100320313
Convert -8a492c (base 15) to base 2.
-11001001010100011010001
Convert -21959 (base 11) to base 8.
-76026
86a064 (base 11) to base 12
57022a
Convert -11001000110101010110 (base 2) to base 6.
-25344222
21434230 (base 8) to base 16
463898
-122332645 (base 7) to base 3
-112111111101211
Convert 4a9aa6 (base 11) to base 16.
c444f
What is -56751 (base 16) in base 14?
-930ad
-15114464 (base 7) to base 6
-50412242
Convert 53155064 (base 7) to base 6.
240251015
172670 (base 10) to base 11
108803
What is 247760 (base 10) in base 14?
66412
What is 11282 (base 16) in base 12?
34802
201222100201 (base 3) to base 6
12232201
What is -1108707 (base 10) in base 5?
-240434312
Convert -35001 (base 13) to base 4.
-113212131
Convert 3d566 (base 14) to base 16.
251b6
What is -191231 (base 10) in base 7?
-1424345
-201343223 (base 6) to base 8
-15065177
-132210121 (base 4) to base 16
-1e919
What is 10101001101011101 (base 2) in base 16?
1535d
158fb (base 16) to base 14
24283
38b047 (base 12) to base 6
31544131
290599 (base 10) to base 7
2320141
Convert 22be (base 15) to base 7.
30341
Convert -1001132203031 (base 4) to base 16.
-105e8cd
What is aaba7 (base 14) in base 12?
17b63b
Convert 2120222 (base 5) to base 8.
105547
Convert 31b6c (base 13) to base 7.
522615
-14c05d5 (base 15) to base 13
-3166406
Convert 309039 (base 12) to base 2.
10111010000011101101
-469947 (base 10) to base 5
-110014242
What is -138705 (base 12) in base 6?
-10552405
Convert 33411423 (base 7) to base 12.
b76769
1000001110010000100 (base 2) to base 4
1001302010
Convert 24b1286 (base 12) to base 3.
111112200010110
1472a (base 16) to base 15
19c39
Convert 6585 (base 14) to base 12.
a1b5
51123403 (base 6) to base 13
3c0534
Convert -2542365 (base 8) to base 11.
-44229a
-211201331011 (base 4) to base 5
-10004312110
Convert -12132401 (base 6) to base 11.
-243695
-10442 (base 7) to base 12
-162b
Convert -1232016 (base 9) to base 5.
-132430240
What is 8941 (base 16) in base 15?
a627
-2156324 (base 7) to base 3
-111112100012
What is -180508 (base 11) in base 14?
-7385a
Convert 251060 (base 8) to base 9.
141675
-101101101000111111001 (base 2) to base 14
-2ad049
-141877 (base 9) to base 8
-251324
df4a6 (base 16) to base 7
10526316
Convert abac01 (base 15) to base 11.
4692087
-bb56f (base 16) to base 15
-102563
3a362a4 (base 12) to base 14
175bda4
-11220212021 (base 3) to base 5
-11044411
What is -27073651 (base 8) in base 7?
-102336323
Convert 69a58 (base 13) to base 11.
121a26
Convert 21011112212100 (base 3) to base 16.
3a2177
Convert 27bcc9 (base 14) to base 10.
1377273
What is 14e1b5 (base 15) in base 11?
62a516
Convert 2d93d (base 16) to base 12.
90051
111010111110110101 (base 2) to base 14
64085
-1000110011100100110111 (base 2) to base 15
-308e8c
What is 525ab03 (base 12) in base 9?
32230683
What is -3a4744 (base 12) in base 8?
-3526444
What is 357e6b (base 16) in base 15?
493b31
What is -1010130112 (base 4) in base 13?
-9a7aa
Wh